a prime number?
False
Is 7740343267 composite?
False
Is 59166345383 a prime number?
True
Is 68643412331 a prime number?
False
Is 95647511 prime?
True
Is 11687956829 composite?
False
Is 1974949877 a composite number?
False
Is 3212160257 prime?
True
Is 26980800797 a prime number?
True
Is 1820480281 a prime number?
False
Is 284504249 a composite number?
True
Is 1824333211 a composite number?
True
Is 142023313 prime?
False
Is 9807623587 composite?
False
Is 2999343437 prime?
False
Is 248954735063 a prime number?
False
Is 1606678573 a prime number?
False
Is 17240470199 a composite number?
True
Is 26181665113 a composite number?
True
Is 83758267 a composite number?
True
Is 2605410403 prime?
True
Is 25152289 a composite number?
False
Is 326060108578 prime?
False
Is 1662686651 a composite number?
True
Is 2803515193 composite?
False
Is 3022806417 prime?
False
Is 75246759787 composite?
False
Is 12679699193 a prime number?
False
Is 445603399 a prime number?
False
Is 2640291659 composite?
True
Is 53640527807 prime?
True
Is 312866789 a prime number?
True
Is 6683558797 prime?
True
Is 132988813 prime?
False
Is 99707281 a prime number?
True
Is 308961193 a prime number?
True
Is 13986466498 a composite number?
True
Is 8282266583 composite?
True
Is 4226939231 composite?
True
Is 1069559629 a composite number?
True
Is 55366136099 prime?
True
Is 11621923471 a composite number?
False
Is 21128625751 a composite number?
False
Is 43774457 prime?
True
Is 12597577667 a prime number?
True
Is 194597311 composite?
False
Is 558486967 a composite number?
True
Is 17600504941 prime?
True
Is 14928691543 composite?
True
Is 3644440313 a prime number?
False
Is 32582307335 prime?
False
Is 201782768821 composite?
True
Is 1906241917 a prime number?
False
Is 552886409 a prime number?
True
Is 22560509233 a prime number?
True
Is 10487953351 composite?
False
Is 3454900703 composite?
True
Is 48877503319 a prime number?
True
Is 10122679117 a prime number?
False
Is 1415964497 a prime number?
True
Is 19490994737 prime?
False
Is 811377521 prime?
True
Is 292612601 prime?
False
Is 292517004449 a composite number?
True
Is 339088807 prime?
False
Is 1301850553 composite?
False
Is 34992536281 composite?
True
Is 3153352819 composite?
True
Is 300767163487 composite?
True
Is 786782543 prime?
False
Is 29697300923 prime?
True
Is 288271027 prime?
False
Is 199051108367 a prime number?
False
Is 6359912479 prime?
False
Is 38019595799 prime?
True
Is 4191891747 a composite number?
True
Is 99922299089 a composite number?
True
Is 54683519953 prime?
True
Is 30930545329 prime?
False
Is 29778877 a composite number?
False
Is 561399695 a prime number?
False
Is 13147200371 prime?
True
Is 13866412103 a prime number?
True
Is 3293901463 composite?
True
Is 21042183527 prime?
True
Is 8586979243 a composite number?
False
Is 3932470637 a composite number?
True
Is 143695297 composite?
False
Is 94095353603 a composite number?
False
Is 24942481 a composite number?
False
Is 46765421 composite?
True
Is 7306138529 prime?
True
Is 631461359 a prime number?
False
Is 26241484271 a prime number?
True
Is 1586232437 a prime number?
False
Is 1894584193 composite?
True
Is 3971153831 composite?
True
Is 307951687 composite?
False
Is 181627673 a composite number?
False
Is 88337806321 prime?
False
Is 52676778971 composite?
False
Is 2997062161 prime?
True
Is 1250815438 prime?
False
Is 3743137407 composite?
True
Is 6527161 prime?
False
Is 18516570979 prime?
True
Is 16413964397 prime?
False
Is 6083784229 composite?
False
Is 938753 a composite number?
True
Is 12355828733 prime?
True
Is 57769609 composite?
False
Is 728623487 a prime number?
True
Is 756698851 a composite number?
False
Is 3165574759 composite?
True
Is 2336486267 prime?
True
Is 85223353 a composite number?
True
Is 1367141603 a composite number?
True
Is 17973341419 a prime number?
False
Is 16237924231 a composite number?
True
Is 8435467023 composite?
True
Is 702982681 prime?
False
Is 6384518119 a composite number?
True
Is 140381957 a prime number?
False
Is 56778680869 prime?
True
Is 594150019 a composite number?
True
Is 10264911205 prime?
False
Is 725193371 a composite number?
True
Is 285264589 composite?
False
Is 4105187627 a prime number?
True
Is 26222549741 a composite number?
True
Is 1326674423 a composite number?
False
Is 166701001 composite?
False
Is 29290078529 prime?
True
Is 1488241873 a prime number?
False
Is 140715962285 a prime number?
False
Is 16365690443 composite?
False
Is 118097674829 a composite number?
True
Is 175097203 composite?
False
Is 5863068395 composite?
True
Is 598784749 composite?
False
Is 17553921613 a composite number?
True
Is 1552049155 a composite number?
True
Is 4494954809 prime?
True
Is 2007511819 prime?
False
Is 105628351597 a composite number?
True
Is 18683253989 prime?
True
Is 28255248217 composite?
True
Is 356550360239 composite?
False
Is 10052347367 composite?
True
Is 23797765 prime?
False
Is 21671908201 a prime number?
False
Is 1645769087 prime?
True
Is 15839371459 prime?
False
Is 13623106487 prime?
True
Is 438589729 a composite number?
False
Is 77907401387 a composite number?
False
Is 48032533609 a composite number?
False
Is 28946101511 prime?
False
Is 154674337 composite?
True
Is 5198618021 composite?
False
Is 1117462477 a prime number?
False
Is 62434316905 a prime number?
False
Is 41191277 prime?
True
Is 3378681647 prime?
False
Is 2452689017 a composite number?
False
Is 21715552693 composite?
True
Is 6677896039 a composite number?
True
Is 88810367 a prime number?
True
Is 2615122313 a composite number?
True
Is 53603063 prime?
False
Is 2663848981 a prime number?
True
Is 5394478679 a prime number?
True
Is 6344270377 prime?
True
Is 3111901379 prime?
True
Is 322828307 a prime number?
False
Is 11923505339 a prime number?
False
Is 549735743 prime?
True
Is 196291199 a prime number?
False
Is 579374659 a composite number?
False
Is 9413053499 composite?
True
Is 9417394309 a prime number?
True
Is 30358109357 prime?
True
Is 318278839 composite?
True
Is 8014477 composite?
False
Is 10944388339 a composite number?
True
Is 395637461 composite?
False
Is 53788717 composite?
True
Is 104711014037 a prime number?
False
Is 113501153 prime?
True
Is 6971866541 a composite number?
True
Is 1928066111 a composite number?
True
Is 3484205093 prime?
True
Is 57213457 a prime number?
False
Is 46813979203 composite?
True
Is 550834946 prime?
False
Is 86135648581 a prime number?
True
Is 4742407459 a prime number?
True
Is 1878739367 a composite number?
True
Is 76927462979 a composite number?
True
Is 7336548473 a composite number?
True
Is 3559975519 composite?
True
Is 5417892301 a prime number?
False
Is 9192202135 composite?
True
Is 279821777 a prime number?
True
Is 269715151 composite?
False
Is 1738968401 composite?
False
Is 239902567 prime?
True
Is 432590083 composite?
True
Is 34550661657 prime?
False
Is 2447055617 a composite number?
False
Is 2323814957 a composite number?
True
Is 99588982223 a prime number?
True
Is 21615567971 a composite number?
True
Is 958562443 a prime number?
True
Is 27182128933 a prime number?
False
Is 2018178139 a composite number?
False
Is 1557343573 a composite number?
True
Is 1053807107 a composite number?
False
Is 29170638017 composite?
False
Is 428414503 a composite number?
True
Is 957619633 a prime number?
True
Is 3245798183 a composite number?
True
Is 306765941 a prime number?
False
Is 3866931199 composite?
False
Is 34481436043 a composite number?
False
Is 27717251617 a composite number?
True
Is 17486611729 prime?
True
Is 5571492011 composite?
False
Is 7990629239 a composite number?
True
Is 38427948953 composite?
False
Is 246004867 a prime number?
True
Is 814407247 composite?
True
Is 7165865659 a prime number?
False
Is 1007293831 composite?
True
Is 1023147541 prime?
False
Is 504580238 a composite number?
True
Is 1492363571 composite?
False
Is 357486221 prime?
False
Is 19786115473 a prime number?
True
Is 4897337233 a prime number?
True
Is 1314079303 prime?
True
Is 81689861 composite?
True
Is 1403209757 a composite number?
False
Is 256428127 a prime number?
False
Is 6767092139 composite?
True
Is 14534872673 a prime number?
True
Is 28370455 prime?
False
Is 592109771 a composite number?
True
Is 1873306757 a prime number?
False
Is 359666505971 a prim